t the prime factors of 28333.
29, 977
List the prime factors of 1873.
1873
List the prime factors of 401.
401
List the prime factors of 49339.
49339
List the prime factors of 14684.
2, 3671
List the prime factors of 14048.
2, 439
What are the prime factors of 845?
5, 13
What are the prime factors of 13194?
2, 3, 733
What are the prime factors of 22744?
2, 2843
List the prime factors of 80736.
2, 3, 29
List the prime factors of 1420.
2, 5, 71
What are the prime factors of 2290?
2, 5, 229
List the prime factors of 1045.
5, 11, 19
What are the prime factors of 2704?
2, 13
List the prime factors of 17337.
3, 5779
What are the prime factors of 1445?
5, 17
What are the prime factors of 872?
2, 109
What are the prime factors of 283?
283
List the prime factors of 2089.
2089
List the prime factors of 2258.
2, 1129
List the prime factors of 354.
2, 3, 59
What are the prime factors of 1647?
3, 61
List the prime factors of 1432.
2, 179
What are the prime factors of 1883?
7, 269
What are the prime factors of 24538?
2, 12269
List the prime factors of 12952.
2, 1619
What are the prime factors of 2388?
2, 3, 199
What are the prime factors of 12931?
67, 193
What are the prime factors of 1976?
2, 13, 19
What are the prime factors of 2899?
13, 223
What are the prime factors of 32212?
2, 8053
What are the prime factors of 547?
547
What are the prime factors of 30135?
3, 5, 7, 41
What are the prime factors of 668?
2, 167
List the prime factors of 3699.
3, 137
What are the prime factors of 1204?
2, 7, 43
What are the prime factors of 15870?
2, 3, 5, 23
What are the prime factors of 71333?
71333
List the prime factors of 14388.
2, 3, 11, 109
List the prime factors of 943.
23, 41
List the prime factors of 27.
3
List the prime factors of 23426.
2, 13, 17, 53
List the prime factors of 2062.
2, 1031
List the prime factors of 1277.
1277
What are the prime factors of 1791?
3, 199
List the prime factors of 12191.
73, 167
List the prime factors of 3707.
11, 337
List the prime factors of 3307.
3307
What are the prime factors of 5465?
5, 1093
List the prime factors of 2043.
3, 227
List the prime factors of 468.
2, 3, 13
List the prime factors of 3140.
2, 5, 157
List the prime factors of 19100.
2, 5, 191
List the prime factors of 2987.
29, 103
What are the prime factors of 182092?
2, 45523
What are the prime factors of 72?
2, 3
What are the prime factors of 143?
11, 13
What are the prime factors of 52797?
3, 17599
List the prime factors of 1572.
2, 3, 131
List the prime factors of 41808.
2, 3, 13, 67
List the prime factors of 24740.
2, 5, 1237
List the prime factors of 2589.
3, 863
What are the prime factors of 4375?
5, 7
What are the prime factors of 40977?
3, 29, 157
What are the prime factors of 499?
499
What are the prime factors of 76256?
2, 2383
List the prime factors of 87485.
5, 17497
List the prime factors of 80017.
7, 23, 71
List the prime factors of 1374.
2, 3, 229
List the prime factors of 101479.
7, 19, 109
What are the prime factors of 1926?
2, 3, 107
What are the prime factors of 22215?
3, 5, 1481
List the prime factors of 29031.
3, 9677
List the prime factors of 3865.
5, 773
What are the prime factors of 10583?
19, 557
What are the prime factors of 1773?
3, 197
List the prime factors of 1085.
5, 7, 31
What are the prime factors of 39635?
5, 7927
List the prime factors of 1497.
3, 499
What are the prime factors of 4970?
2, 5, 7, 71
List the prime factors of 1760.
2, 5, 11
What are the prime factors of 2969?
2969
List the prime factors of 40643.
97, 419
What are the prime factors of 2099?
2099
List the prime factors of 3123.
3, 347
List the prime factors of 32427.
3, 1201
What are the prime factors of 1984?
2, 31
What are the prime factors of 15681?
3, 5227
List the prime factors of 171587.
13, 67, 197
List the prime factors of 10158.
2, 3, 1693
What are the prime factors of 3958?
2, 1979
List the prime factors of 13635.
3, 5, 101
What are the prime factors of 2779?
7, 397
What are the prime factors of 186758?
2, 11, 13, 653
What are the prime factors of 622?
2, 311
What are the prime factors of 4396?
2, 7, 157
List the prime factors of 864.
2, 3
What are the prime factors of 18092?
2, 4523
List the prime factors of 1337.
7, 191
List the prime factors of 9097.
11, 827
List the prime factors of 416.
2, 13
What are the prime factors of 28237?
11, 17, 151
What are the prime factors of 1992?
2, 3, 83
What are the prime factors of 66?
2, 3, 11
List the prime factors of 670.
2, 5, 67
What are the prime factors of 13189?
11, 109
List the prime factors of 4911.
3, 1637
List the prime factors of 752.
2, 47
List the prime factors of 1049.
1049
What are the prime factors of 6029?
6029
List the prime factors of 38062.
2, 19031
List the prime factors of 3072.
2, 3
List the prime factors of 2273.
2273
List the prime factors of 6742.
2, 3371
What are the prime factors of 4885?
5, 977
List the prime factors of 96653.
19, 5087
List the prime factors of 60448.
2, 1889
What are the prime factors of 2860?
2, 5, 11, 13
List the prime factors of 529.
23
List the prime factors of 75746.
2, 11, 313
List the prime factors of 32374.
2, 16187
List the prime factors of 3432.
2, 3, 11, 13
What are the prime factors of 7042?
2, 7, 503
What are the prime factors of 184?
2, 23
List the prime factors of 1064.
2, 7, 19
List the prime factors of 11783.
11783
List the prime factors of 2785.
5, 557
List the prime factors of 9176.
2, 31, 37
What are the prime factors of 2692?
2, 673
List the prime factors of 14413.
7, 29, 71
What are the prime factors of 5316?
2, 3, 443
List the prime factors of 28501.
11, 2591
List the prime factors of 98653.
47, 2099
List the prime factors of 4480.
2, 5, 7
List the prime factors of 3190.
2, 5, 11, 29
What are the prime factors of 18019?
37, 487
What are the prime factors of 190?
2, 5, 19
What are the prime factors of 45222?
2, 3, 7537
What are the prime factors of 82179?
3, 23, 397
List the prime factors of 94.
2, 47
What are the prime factors of 4552?
2, 569
What are the prime factors of 23584?
2, 11, 67
What are the prime factors of 49542?
2, 3, 23, 359
What are the prime factors of 234?
2, 3, 13
What are the prime factors of 575?
5, 23
What are the prime factors of 17285?
5, 3457
List the prime factors of 1360.
2, 5, 17
List the prime factors of 25798.
2, 12899
List the prime factors of 3862.
2, 1931
What are the prime factors of 5083?
13, 17, 23
List the prime factors of 6380.
2, 5, 11, 29
What are the prime factors of 84009?
3, 41, 683
List the prime factors of 136489.
41, 3329
What are the prime factors of 4033?
37, 109
What are the prime factors of 672?
2, 3, 7
List the prime factors of 56324.
2, 14081
List the prime factors of 53684.
2, 13421
What are the prime factors of 8726?
2, 4363
What are the prime factors of 1147?
31, 37
List the prime factors of 8846.
2, 4423
List the prime factors of 14609.
7, 2087
What are the prime factors of 450?
2, 3, 5
List the prime factors of 8464.
2, 23
List the prime factors of 7016.
2, 877
What are the prime factors of 23501?
71, 331
What are the prime factors of 18?
2, 3
List the prime factors of 11672.
2, 1459
What are the prime factors of 5408?
2, 13
List the prime factors of 642.
2, 3, 107
List the prime factors of 1117.
1117
List the prime factors of 21735.
3, 5, 7, 23
What are the prime factors of 4819?
61, 79
What are the prime factors of 12911?
12911
What are the prime factors of 72582?
2, 3, 12097
What are the prime factors of 309?
3, 103
List the prime factors of 80138.
2, 17, 2357
What are the prime factors of 39380?
2, 5, 11, 179
What are the prime factors of 25?
5
What are the prime factors of 9040?
2, 5, 113
What are the prime factors of 874?
2, 19, 23
List the prime factors of 44301.
3, 14767
What are the prime factors of 666?
2, 3, 37
What are the prime factors of 125?
5
What are the prime factors of 576?
2, 3
What are the prime factors of 463?
463
List the prime factors of 12279.
3, 4093
List the prime factors of 8288.
2, 7, 37
List the prime factors of 909.
3, 101
What are the prime factors of 53208?
2, 3, 739
What are the prime factors of 646?
2, 17, 19
What are the prime factors of 2247?
3, 7, 107
What are the prime factors of 2209?
47
What are the prime factors of 156435?
3, 5, 10429
What are the